{"id":640,"date":"2021-06-15T09:48:40","date_gmt":"2021-06-15T07:48:40","guid":{"rendered":"http:\/\/xn--alpilles-beaut-okb.fr\/?page_id=640"},"modified":"2021-06-15T14:15:18","modified_gmt":"2021-06-15T12:15:18","slug":"politique-de-confidentialite-2","status":"publish","type":"page","link":"https:\/\/xn--alpilles-beaut-okb.fr\/?page_id=640","title":{"rendered":"Politique de confidentialit\u00e9"},"content":{"rendered":"\t\t<div data-elementor-type=\"wp-page\" data-elementor-id=\"640\" class=\"elementor elementor-640\" data-elementor-settings=\"[]\">\n\t\t\t\t\t\t\t<div class=\"elementor-section-wrap\">\n\t\t\t\t\t\t\t<section class=\"elementor-section elementor-top-section elementor-element elementor-element-0045dec elementor-section-boxed elementor-section-height-default elementor-section-height-default\" data-id=\"0045dec\" data-element_type=\"section\">\n\t\t\t\t\t\t<div class=\"elementor-container elementor-column-gap-default\">\n\t\t\t\t\t<div class=\"elementor-column elementor-col-100 elementor-top-column elementor-element elementor-element-ce74c77\" data-id=\"ce74c77\" data-element_type=\"column\">\n\t\t\t<div class=\"elementor-widget-wrap elementor-element-populated\">\n\t\t\t\t\t\t\t\t<div class=\"elementor-element elementor-element-14405fb elementor-widget elementor-widget-text-editor\" data-id=\"14405fb\" data-element_type=\"widget\" data-widget_type=\"text-editor.default\">\n\t\t\t\t<div class=\"elementor-widget-container\">\n\t\t\t\t\t\t\t\t<h3><strong>Politiques de confidentialit\u00e9<\/strong><\/h3><h4>Donn\u00e9es collect\u00e9es : Lorsque vous envoyez un mail\/message\u00a0 je collecte, selon votre demande, les donn\u00e9es n\u00e9cessaires \u00e0 votre identification et au bon traitement de votre demande (civilit\u00e9\/nom\/pr\u00e9nom\/adresse\/t\u00e9l\u00e9phone\/adresse mail. Je suis l&#8217;unique destinataire des ces donn\u00e9es. L&#8217;objectif de cette collecte est de pouvoir r\u00e9pondre \u00e0 votre demande que vous avez effectu\u00e9 par le formulaire de contact.<\/h4><h4>La date de conservation des donn\u00e9es est de 3ans pour les donn\u00e9es marketing et de 6ans pour les donn\u00e9es de facturations.<\/h4><h4>Je veille \u00e0 assurer la s\u00e9curit\u00e9 de vos donn\u00e9es personnelles notamment en :<\/h4><ul><li><h4>mettant en \u0153uvre les mesures de s\u00e9curit\u00e9 organisationnelles et techniques appropri\u00e9es,<\/h4><\/li><li><h4>exigeant la mise en place de code de s\u00e9curit\u00e9<\/h4><\/li><\/ul><h4>Toutefois, le risque z\u00e9ro n\u2019existe pas, internet n\u2019est pas un environnement compl\u00e8tement s\u00e9curis\u00e9 et nous ne pouvons pas vous garantir la s\u00e9curit\u00e9 de la transmission ou du stockage de vos informations. En cas d\u2019atteinte \u00e0 vos donn\u00e9es susceptible d\u2019engendrer un risque \u00e9lev\u00e9 pour vos droits et libert\u00e9s, vous serez imm\u00e9diatement inform\u00e9 de l\u2019incident.<\/h4><p>\u00a0<\/p>\t\t\t\t\t\t<\/div>\n\t\t\t\t<\/div>\n\t\t\t\t\t<\/div>\n\t\t<\/div>\n\t\t\t\t\t\t\t<\/div>\n\t\t<\/section>\n\t\t\t\t\t\t<\/div>\n\t\t\t\t\t<\/div>\n\t\t","protected":false},"excerpt":{"rendered":"<p>Politiques de confidentialit\u00e9 Donn\u00e9es collect\u00e9es : Lorsque vous envoyez un mail\/message\u00a0 je collecte, selon votre demande, les donn\u00e9es n\u00e9cessaires \u00e0 votre identification et au bon traitement de votre demande (civilit\u00e9\/nom\/pr\u00e9nom\/adresse\/t\u00e9l\u00e9phone\/adresse mail. Je suis l&#8217;unique destinataire des ces donn\u00e9es. L&#8217;objectif de cette collecte est de pouvoir r\u00e9pondre \u00e0 votre demande que vous avez effectu\u00e9 par le &hellip;<\/p>\n<p class=\"read-more\"> <a class=\"\" href=\"https:\/\/xn--alpilles-beaut-okb.fr\/?page_id=640\"> <span class=\"screen-reader-text\">Politique de confidentialit\u00e9<\/span> Lire la suite\u00a0\u00bb<\/a><\/p>\n","protected":false},"author":1,"featured_media":0,"parent":0,"menu_order":0,"comment_status":"closed","ping_status":"closed","template":"","meta":{"footnotes":""},"class_list":["post-640","page","type-page","status-publish","hentry"],"yoast_head":"<!-- This site is optimized with the Yoast SEO plugin v16.5 - https:\/\/yoast.com\/wordpress\/plugins\/seo\/ -->\n<title>Politique de confidentialit\u00e9 - WordPress<\/title>\n<meta name=\"robots\" content=\"index, follow, max-snippet:-1, max-image-preview:large, max-video-preview:-1\" \/>\n<link rel=\"canonical\" href=\"https:\/\/xn--alpilles-beaut-okb.fr\/?page_id=640\" \/>\n<meta property=\"og:locale\" content=\"fr_FR\" \/>\n<meta property=\"og:type\" content=\"article\" \/>\n<meta property=\"og:title\" content=\"Politique de confidentialit\u00e9 - WordPress\" \/>\n<meta property=\"og:description\" content=\"Politiques de confidentialit\u00e9 Donn\u00e9es collect\u00e9es : Lorsque vous envoyez un mail\/message\u00a0 je collecte, selon votre demande, les donn\u00e9es n\u00e9cessaires \u00e0 votre identification et au bon traitement de votre demande (civilit\u00e9\/nom\/pr\u00e9nom\/adresse\/t\u00e9l\u00e9phone\/adresse mail. Je suis l&#8217;unique destinataire des ces donn\u00e9es. L&#8217;objectif de cette collecte est de pouvoir r\u00e9pondre \u00e0 votre demande que vous avez effectu\u00e9 par le &hellip; Politique de confidentialit\u00e9 Lire la suite\u00a0\u00bb\" \/>\n<meta property=\"og:url\" content=\"https:\/\/xn--alpilles-beaut-okb.fr\/?page_id=640\" \/>\n<meta property=\"og:site_name\" content=\"WordPress\" \/>\n<meta property=\"article:modified_time\" content=\"2021-06-15T12:15:18+00:00\" \/>\n<meta name=\"twitter:card\" content=\"summary_large_image\" \/>\n<meta name=\"twitter:label1\" content=\"Dur\u00e9e de lecture est.\" \/>\n\t<meta name=\"twitter:data1\" content=\"1 minute\" \/>\n<script type=\"application\/ld+json\" class=\"yoast-schema-graph\">{\"@context\":\"https:\/\/schema.org\",\"@graph\":[{\"@type\":\"WebSite\",\"@id\":\"https:\/\/xn--alpilles-beaut-okb.fr\/#website\",\"url\":\"https:\/\/xn--alpilles-beaut-okb.fr\/\",\"name\":\"WordPress\",\"description\":\"Un site utilisant WordPress\",\"potentialAction\":[{\"@type\":\"SearchAction\",\"target\":\"https:\/\/xn--alpilles-beaut-okb.fr\/?s={search_term_string}\",\"query-input\":\"required name=search_term_string\"}],\"inLanguage\":\"fr-FR\"},{\"@type\":\"WebPage\",\"@id\":\"https:\/\/xn--alpilles-beaut-okb.fr\/?page_id=640#webpage\",\"url\":\"https:\/\/xn--alpilles-beaut-okb.fr\/?page_id=640\",\"name\":\"Politique de confidentialit\\u00e9 - WordPress\",\"isPartOf\":{\"@id\":\"https:\/\/xn--alpilles-beaut-okb.fr\/#website\"},\"datePublished\":\"2021-06-15T07:48:40+00:00\",\"dateModified\":\"2021-06-15T12:15:18+00:00\",\"breadcrumb\":{\"@id\":\"https:\/\/xn--alpilles-beaut-okb.fr\/?page_id=640#breadcrumb\"},\"inLanguage\":\"fr-FR\",\"potentialAction\":[{\"@type\":\"ReadAction\",\"target\":[\"https:\/\/xn--alpilles-beaut-okb.fr\/?page_id=640\"]}]},{\"@type\":\"BreadcrumbList\",\"@id\":\"https:\/\/xn--alpilles-beaut-okb.fr\/?page_id=640#breadcrumb\",\"itemListElement\":[{\"@type\":\"ListItem\",\"position\":1,\"name\":\"Accueil\",\"item\":\"https:\/\/xn--alpilles-beaut-okb.fr\/\"},{\"@type\":\"ListItem\",\"position\":2,\"name\":\"Politique de confidentialit\\u00e9\"}]}]}<\/script>\n<!-- \/ Yoast SEO plugin. -->","_links":{"self":[{"href":"https:\/\/xn--alpilles-beaut-okb.fr\/index.php?rest_route=\/wp\/v2\/pages\/640"}],"collection":[{"href":"https:\/\/xn--alpilles-beaut-okb.fr\/index.php?rest_route=\/wp\/v2\/pages"}],"about":[{"href":"https:\/\/xn--alpilles-beaut-okb.fr\/index.php?rest_route=\/wp\/v2\/types\/page"}],"author":[{"embeddable":true,"href":"https:\/\/xn--alpilles-beaut-okb.fr\/index.php?rest_route=\/wp\/v2\/users\/1"}],"replies":[{"embeddable":true,"href":"https:\/\/xn--alpilles-beaut-okb.fr\/index.php?rest_route=%2Fwp%2Fv2%2Fcomments&post=640"}],"version-history":[{"count":19,"href":"https:\/\/xn--alpilles-beaut-okb.fr\/index.php?rest_route=\/wp\/v2\/pages\/640\/revisions"}],"predecessor-version":[{"id":744,"href":"https:\/\/xn--alpilles-beaut-okb.fr\/index.php?rest_route=\/wp\/v2\/pages\/640\/revisions\/744"}],"wp:attachment":[{"href":"https:\/\/xn--alpilles-beaut-okb.fr\/index.php?rest_route=%2Fwp%2Fv2%2Fmedia&parent=640"}],"curies":[{"name":"wp","href":"https:\/\/api.w.org\/{rel}","templated":true}]}}